*0. Let j(w) = -w**2 - 4*w - 9. Let c(g) = -g**2 - 5*g - 10. Let x(v) = 3*c(v) - 4*j(v). Give x(h).
6
Let b(p) = -5*p**2 - 13*p - 15*p + 39*p - 4*p - 5 - p**3. Calculate b(-6).
-11
Let z(q) = q**2 + 8*q + 3. Let s be z(-8). Suppose 4*k + 49 = s*g, -4*k + 14 - 41 = -g. Let b = -9 + g. Let r(w) = 5*w**2 - 3*w + 2. Give r(b).
16
Let p = 244 + -241. Let w(x) = 5*x**3 + 8*x**2 + 7*x + 1. Let i(y) = -2*y**3 - 4*y**2 - 3*y. Let v(q) = 7*i(q) + 3*w(q). Give v(p).
-6
Let q = 4 + 0. Let k(m) = m + 8. Let g(f) = -2*f - 9. Let j(p) = q*k(p) + 3*g(p). Let n = -264 - -260. Give j(n).
13
Let v(k) = 11*k - 3 - 52*k**2 + 1 + 51*k**2. Determine v(9).
16
Let m(z) = z**2 + 3*z. Suppose -3*t = v - 7, -4*v + 4 = -2*t - 10. Suppose -v*o + 52 = -0. Suppose 0 = -2*c - o + 5. Determine m(c).
4
Suppose 2*t - 5*c = 75 - 11, 3*t - 77 = -2*c. Let p = t + -28. Let a(i) = 6*i + 1. Calculate a(p).
-5
Let l(z) = 2*z**3 - 11*z**2 - 7*z - 6. Let y(g) = -3*g**3 + 21*g**2 + 14*g + 12. Let n(m) = -5*l(m) - 3*y(m). Calculate n(-7).
-6
Let v = -73 + 75. Let a(c) = c**v + 7*c - 14*c - 4*c**3 + 9*c + 1. Calculate a(-1).
4
Let s(j) = 7*j - 4. Let x(m) = 6*m - 4. Let i(w) = -5*s(w) + 6*x(w). Let g = 82 - 106. Let t be g/15*-1*(1 + 4). What is i(t)?
4
Let b be 5*((96/(-20))/(-3) - 1). Let q(z) = -z**3 - 6*z**2 - 6*z - 2. Let t be q(-5). Let f(n) = n**t + 2 + 3*n**b - 1. Calculate f(-1).
-3
Let m(u) = -2*u + 1. Suppose 40*s = -173 + 53. Determine m(s).
7
Let b(o) = -o + 4. Suppose 4*m - g - 11 = -4*g, 0 = 2*m - 2*g - 2. Suppose -f - m*f = -12. Determine b(f).
0
Let m = -294 + 291. Let i(o) = -3*o - 2 + 1 - 1. Give i(m).
7
Let x(a) = 5*a + 1. Let j be (-4)/(-6) + (-276)/(-207). Give x(j).
11
Let w(m) be the second derivative of -m**4/12 + m**3 - 3*m**2/2 - 868*m. Determine w(6).
-3
Let z(y) = -y**2 + 4*y - 1. Let k be z(2). Suppose -5 = 4*u + k. Let o(w) = -22*w + 1 + 8*w + 17*w. Give o(u).
-5
Let c(d) = d**2 + 6*d - 20. Let l be c(-9). Let f(j) = -l + 2 - 5*j + 8*j + 3. Calculate f(2).
4
Let s(a) = 2 + 0*a**2 + 5*a + a**2 - 4. Suppose 13*v = 6*v + 105. Suppose 3*n + 0*n = -v. Calculate s(n).
-2
Let w = 6 + 6. Suppose 3 = -5*v - w. Let m(z) be the second derivative of -z**3/6 - 5*z**2/2 - 4*z. Determine m(v).
-2
Let t(h) = 38*h**2 + h. Suppose -37*c + 9 = 46. Give t(c).
37
Let w(p) = p**2 - 3*p - 3. Let t be 1*(3 + (3 - 3)). Suppose 0 = -3*k + 9, 0*i + 9 = t*i - k. Calculate w(i).
1
Let w(g) = 4*g + 1. Let q(i) = -7*i - 2. Let f(v) = 3*q(v) + 7*w(v). Calculate f(1).
8
Let u(n) be the second derivative of n**5/20 - 5*n**4/6 + 5*n**3/3 + n**2/2 - 112*n. Determine u(9).
10
Suppose 0 = -z + 5*z - 4. Let m(a) = a - 2*a + 0*a - 2 + z. Give m(-1).
0
Let k(r) = 33*r - 19. Let w(g) = -15*g + 9. Let h(y) = -2*k(y) - 5*w(y). Determine h(3).
20
Let u(q) be the second derivative of q**3/3 + 3*q**2/2 - 4*q. Let l(n) = n**2 + 4*n - 143. Let h be l(-14). Give u(h).
-3
Let o(v) = -v**2 + 4*v + 45. Let m be o(9). Let y(u) be the first derivative of u**3/3 - 8*u - 4. Give y(m).
-8
Let l(x) = x**3 + 4*x**2 - 5*x. Suppose -2*c = 34 - 4. Let w be (6/(-18))/((-1)/c). Let h be 2/(4 - (-22)/w). Give l(h).
0
Let x(i) = 5*i**2 - 7*i + 7. Let s(g) be the second derivative of g**4/3 - 7*g**3/6 + 3*g**2 + 10*g. Let p(l) = 4*s(l) - 3*x(l). Determine p(4).
-9
Let i = 24 + -18. Let y(v) = v - 1. Let b be y(4). Suppose -i = b*s - 0. Let x(w) = -w**3 + w + 1. Give x(s).
7
Suppose -u = 2*u + 15, 0 = -4*f + 2*u - 78. Let l = -14 - f. Let j(i) = -l*i - i**2 + 0*i + 5*i - i**2. Calculate j(-2).
-2
Let v = 54 + -60. Let r(i) = -i**2 + 3*i - 4. Let a(t) = -3*t**2 + 5*t - 3*t**2 - 7 + 0*t**2 + 3*t**2. Let c(f) = -2*a(f) + 5*r(f). Calculate c(v).
0
Let v(n) = -n**2 - 3*n - 8. Let r(d) = d**2 + 2*d + 7. Let s(m) = -5*r(m) - 4*v(m). Suppose -i + 18 = 5*o, 0 = -30*o + 26*o + 12. Determine s(i).
-6
Suppose 5*h + 15 = -3*b, 2*h - 2*b - 16 = -6. Suppose h = 3*z - 17 - 31. Suppose 0 = -21*j + z*j - 5. Let l(w) = -4*w**2 + 1. Calculate l(j).
-3
Let u(w) be the first derivative of 0*w**5 - 3/2*w**2 - 1 + 11/6*w**3 + 1/120*w**6 + 0*w**4 + 0*w. Let q(o) be the second derivative of u(o). What is q(0)?
11
Let s(t) = t**3 - 2*t**2 - t. Let c be s(3). Let h(g) = c - 2 - g + g**2 - 8*g + 0. What is h(9)?
4
Let y(w) = -22*w - 11. Let b(h) = -19*h - 10. Let z(g) = 7*b(g) - 6*y(g). What is z(-13)?
9
Let r = -2016 + 2001. Let v(o) = o**3 + 12*o**2 - 46*o - 11. Give v(r).
4
Let g(r) = -r - 5 + 18 - 15 - 8. Give g(-3).
-7
Suppose s - 4*s = 5*i + 4, 4 = -2*s - 2*i. Let u(p) be the second derivative of -p**4/12 - 5*p**3/6 - p**2/2 + 9*p. Give u(s).
5
Let t(d) = 10*d**2 - 20*d**2 + d + 9*d**2 - 7. Give t(0).
-7
Let p(b) = 15*b - 485. Let o be p(33). Let v(h) = 2*h - 24. Give v(o).
-4
Let g(v) = 6*v**2 + v - 2. Let y(n) = -n**3 + 10*n**2 + 24*n + 2. Let m be y(12). Give g(m).
24
Let l(c) = 6*c + 5. Let z(h) = -3*h - 3. Let s(k) = -2*l(k) - 5*z(k). Let g be (1 - 0)/(3/9). Suppose -2*x - q - 29 = g*x, -x - 17 = 3*q. Calculate s(x).
-10
Let z(b) = -5*b + 1. Let v(y) = 2*y - 1. Let j(i) = 2*v(i) + z(i). Give j(-8).
7
Let v(i) = -6 - 20*i + 41 + 7*i + 4*i + 2*i. Calculate v(5).
0
Let f(w) = -w**2 - 22*w - 117. Let d be f(-10). Let z(i) be the third derivative of 0*i - 4/3*i**d - 2/15*i**5 + 0 + 1/120*i**6 - 7*i**2 + 1/3*i**4. Give z(7).
-1
Let h(l) = l**3 + 14*l**2 + 3. Let s be h(-14). Let n(z) = -21*z**2 - s - 3*z + 0 + 20*z**2. Give n(-4).
-7
Let a(g) = -4*g**2 + 27*g + 50. Let l(z) = -z**2 + 6*z + 12. Let n(u) = -2*a(u) + 9*l(u). What is n(0)?
8
Let h(v) = -2. Let g(z) = -z - 9. Let r(u) = -4*g(u) + 18*h(u). Let f be -2 - (-3 + 4) - -2. Determine r(f).
-4
Suppose -11 = 2*n + 4*t + 3, 0 = -2*n + 3*t + 21. Let h(g) = -6*g - 2 + 4*g + 2*g**3 - g**2 + 1 - 8*g**n. Give h(-1).
6
Let h(o) = o. Let z(q) = 5*q + 5. Let b(f) = 6*h(f) - z(f). Let w be 10*2/(-12)*3 - 4. Let c(a) = 2*a - 11. Let u(t) = w*b(t) + 4*c(t). Give u(8).
-7
Suppose -3*i - b + 1 = 0, 2*i + 4 = 2*b + 2*b. Suppose 5*m = 5*q - 25, 0 = 4*q - 2*m - 3*m - 18. Let v(y) = -y + q + 4*y - 2*y. Calculate v(i).
7
Let i(w) be the first derivative of -w**3/3 - 9*w**2/2 - 2*w + 377. What is i(-5)?
18
Let k(x) be the first derivative of -x**3/3 + 5*x**2 + 13*x - 93. Give k(10).
13
Let v(x) = 17*x + 1. Let k be (4 - (0 - (0 - 2)))/2. Calculate v(k).
18
Let m(d) = -2 + 7*d + d**2 - 2*d + d. Let b be m(-7). Let i(c) = -b - c - 2*c + c. Calculate i(-6).
7
Let q(u) = -10*u - 1. Suppose 17 + 49 = 22*z. Calculate q(z).
-31
Let r(a) = -a**2 - 9*a - 9. Let p(m) = -m + 2. Let h be p(-4). Suppose 2*l + 23 = b, -l + 4*b = 2 + h. Let f be 8/(-16)*l/(-1). Give r(f).
9
Let l(p) = p - 1. Let t = 55 - 43. Let z be (t/21)/((-4)/14). What is l(z)?
-3
Let u(l) = 2*l - 4*l**3 + 0*l**2 + 3*l**3 - 9 + 6*l**2 - 2*l + 4*l. Give u(7).
-30
Let v = -53 - -68. Suppose -2*w = 3 + v. Let s(f) = f**3 + 10*f**2 + 8*f - 9. Determine s(w).
0
Let h(o) = -3*o - 4. Let i = 823 - 827. What is h(i)?
8
Suppose 0 = -5*b + u + 10, 16 = -b - 3*u + 2. Suppose 2*k = -6*k. Let s(q) = 528 + 4*q - 527 + k*q. What is s(b)?
5
Let s = 33 - 30. Let i(u) = -7*u**2 + u**2 + 7*u - s + 5*u**2 + 1. Determine i(4).
10
Let q(j) be the first derivative of -j**4/4 - 7*j**3/3 - j**2 - 7*j - 3. Let h be (-56 + 55)/((3/(-21))/(-1)). Determine q(h).
7
Let f(p) = -8*p**3 - 4*p**2 + p + 5. Let w(i) = 6*i**3 + 4*i**2 - i - 4. Let k(q) = -4*f(q) - 5*w(q). What is k(3)?
21
Let d(g) be the second derivative of g**4/12 - 7*g**3/6 + 8*g - 4. Give d(6).
-6
Let l = 0 + 3. Suppose 3*u - 12 = 0, l = 2*f + u - 3. Let v(x) = 2*x - 4*x + f + x**2 - 2*x + 2*x - 7*x**3. Give v(1).
-7
Let l(o) = o**3 - 6*o**2 + 2*o - 8. Let y be l(6). Let g = y + 2. Let b(a) = -a**2 + 8*a - 9. Determine b(g).
3
Suppose -10 = -2*x - 0. Suppose 2*r + 19 = 3*r - 5*t, 0 = -4*r - x*t - 24. Let q be r + 1 - (0 - 2). Let o(f) = -f**3 + 5*f**2 - 1. Determine o(q).
11
Let v(m) be the second derivative of -m**3/6 + m**2 - 37*m - 2. Give v(1).
1
Let d(j) = -6*j - 5. Let n(x) = -2*x + 0*x - 3*x - 11 + 7. Let m(u) = 4*d(u) - 5*n(u). Determine m(-1).
-1
Let y(x) = -x. Let m(s) = -s**3 - 11*s**2 - s - 8. Let h be m(-11). Suppose 4 = -h*o + 13. Suppose o*p - 3*z + 0*z = 6, 3*p = 4*z + 9. Calculate y(p).
1
Let y(v) = v + 4. Suppose 19*h - 14*h = 40. Let c = h - 0. Suppose -4*t + 4 = -c. What is y(t)?
7
Let t(u) = -u + 11. L